, w*m - o + 1 - 4 = 0. Let d = 25 - m. Is d a prime number?
True
Suppose 0 = 4*u - 3*u + 6. Is (-2521)/(-4) - u/8 prime?
True
Let k(z) = 0*z + z + 2*z**2 - 4*z + 4. Let y(s) = 3*s + 29. Let n be y(-8). Is k(n) a prime number?
False
Suppose 3*k = -0*k + 1101. Let i = 151 - k. Let y = -71 - i. Is y a prime number?
False
Let t be -2 - -2 - 2 - -6. Suppose t*g - 3*y = 623, -2*y = 3*y + 5. Is g a composite number?
True
Let p be (3 - (-15)/(-3))*-2. Suppose -3*s = t + 1, s + p*t + 19 = 4*s. Suppose -2*j + 5 = s. Is j a prime number?
True
Let h be ((-5)/1*1)/(-1). Suppose 5*r = 2*y - 43, h*y + 10 - 155 = 5*r. Is y a composite number?
True
Suppose p + 1 = 6. Suppose -g - p*w + 215 = 0, -2*g - 3*w + w + 462 = 0. Is g prime?
False
Let w(n) = -3*n**2 - 12*n - 10. Let s(t) = -t**2 + t + 1. Let v(l) = -5*s(l) - w(l). Let b be v(-4). Let d = b - 68. Is d a composite number?
False
Suppose 5*c + 4 = c. Let a = 21 - c. Is 2 + 4/(-2) + a prime?
False
Let b = -204 - -693. Is b composite?
True
Suppose 0 = -4*l - n + 4*n + 175, -5*l - 4*n = -211. Is (l + 1)*5/4 a composite number?
True
Suppose 263*n - 258*n = 15545. Is n composite?
False
Let f = 50 + -19. Suppose f = c - 66. Is c prime?
True
Suppose -5*j + 3*w = -4*j - 379, 4*j - 1500 = 4*w. Is j a composite number?
False
Let a = -13 + 3. Is (662/(-4))/(5/a) prime?
True
Suppose 0*t = -t - 7. Let v = t + 12. Suppose p - v*n - 34 = 0, 0 = p + p - 5*n - 48. Is p a composite number?
True
Let y = 3196 + -1997. Is y composite?
True
Suppose 15 = 2*m + 3*m. Suppose 5*n - m*r + 1 = 11, -n + 5*r = -2. Suppose n*k - 31 = -5. Is k a prime number?
True
Let f be (-170)/3 - (-4)/6. Let h = f + 199. Is h composite?
True
Is (158842/(-129))/(1/(-3)) a composite number?
True
Suppose -15*x - 535 = -1690. Is x composite?
True
Suppose -5*j + 534 = 4*u - u, 3*j + 534 = 3*u. Is u a prime number?
False
Suppose -4*b + 3*b - g + 7 = 0, -3*b - 4*g + 25 = 0. Let f be (1 + -1)*b/6. Let w(z) = -z**3 - z**2 + 53. Is w(f) composite?
False
Let v be (0 - -6)*8/12. Suppose -2*f + v*l + 970 = 2*l, 968 = 2*f - l. Suppose -4*d + f = -z, -5*d + 609 = -z + 5*z. Is d prime?
False
Suppose -12 = -6*g + 12. Suppose -270 = -3*w - 5*a + 365, -3*a = 4*w - 854. Suppose 0 = x + g*x - w. Is x composite?
False
Suppose -5*a + 529 = 49. Let l = a + -8. Is 1 + -3*l/(-3) a prime number?
True
Suppose 63*n - 57*n = 3810. Is n a prime number?
False
Let i be 2/(-4) - 11/(-2). Suppose -5*f - 12 = 3*p - 3*f, -i*f - 13 = -p. Is 47 - p*(-2)/4 a composite number?
True
Let p(d) = 4*d**2 - 12*d + 7. Let n(q) = q - 10. Let g be n(4). Is p(g) a composite number?
False
Is (3 + 426/9)*33 prime?
False
Suppose 5*a = -4*i - 397 - 939, i - a + 325 = 0. Let p = 718 + i. Is p composite?
False
Let z be 3*3*5/(-5). Let c(h) = -h**3 - 4*h**2 - 4*h + 2. Is c(z) a composite number?
False
Let f = 147 - -118. Is f a prime number?
False
Let q(b) = 127*b**2 - 2*b - 2. Is q(-1) a composite number?
False
Let t be 3/2 + (-3)/(-6). Suppose 0 = -t*v + v + 77. Suppose 5*r - 65 = -8*p + 3*p, -v = -5*p + r. Is p a composite number?
True
Suppose 4*f = 5*f - 4, 2*t + 2*f - 20 = 0. Suppose -3*o - t = -24. Let u = 64 - o. Is u composite?
True
Let o(u) = 93*u**3 + 2*u**2 - u. Is o(1) prime?
False
Let v be 9/9 + (-2)/(-2). Let c(f) = 7*f**2 - f - f + f. Is c(v) a composite number?
True
Let d(z) = 16*z**2 - 12*z + 14. Is d(-6) composite?
True
Is 0*(-4)/16 + 19 a composite number?
False
Let s be (-8)/(-24)*(1 - 22). Is (218 - 1) + s + 9 composite?
True
Let i = -108 + 247. Is i a composite number?
False
Suppose y + 18 = 5*a, -a - 3*y = -4*a + 18. Let d = -41 - -43. Suppose 0 = 5*i + s - 50, d*i = -2*i + a*s + 40. Is i a prime number?
False
Let u = 11 + -8. Suppose 0 = u*h - 2*m - 813, 5*h - 6*h = 2*m - 263. Is h composite?
False
Suppose -3*k - d = -2*d - 2934, 3*k - 3*d - 2928 = 0. Is k composite?
True
Let q = -15 - -9. Let b = q - -13. Is b prime?
True
Let s = -80 - -210. Suppose w - 4*p - p = 71, -5*w = 2*p - 409. Let u = s - w. Is u prime?
False
Is (582/8)/(1/4) a composite number?
True
Let u = 3 - 3. Let l = u - 0. Suppose 5*w - 2*p + 35 - 98 = 0, l = -p + 1. Is w prime?
True
Let i = 432 - 29. Is i a prime number?
False
Let u(k) = -3*k + 15. Let a be u(5). Let o be (-53 - 1)*(-6)/(-9). Is (-5)/5 - (o - a) prime?
False
Let r be (-5)/(-2)*8/10. Let a(u) = -4*u**2 - 3 + 4*u**r - 3*u**2 + 9*u + 4*u**2. Is a(-10) prime?
True
Let l be (16/12)/(1/3). Suppose -4*i + 61 + 163 = -4*u, -3*u - 221 = -l*i. Let y = i + -30. Is y composite?
False
Let m(y) = y**2 - y + 4. Let h be m(3). Let i(b) = -b**3 + 10*b**2 + 2*b - 9. Is i(h) composite?
False
Suppose 3346 = 5*s + 741. Is s a prime number?
True
Is (-4 + 1)/((-12955)/3235 + 4) prime?
True
Suppose 4*s + 384 = -552. Let t = s + 693. Is t/6 + 2/4 a composite number?
True
Suppose -2*l - 4 = -l. Let q(y) = 5*y**2 - y - 5. Is q(l) a composite number?
False
Let c(d) = -4*d - 6. Let m be c(-5). Suppose m*r - 63 = 11*r. Is r composite?
True
Suppose -5*p = -2*p. Suppose 0 = -2*h - p*h + 8. Is h a prime number?
False
Let f(x) = -5*x**2 - 13*x - 6. Let w(a) = -9*a**2 - 25*a - 11. Let k(i) = 11*f(i) - 6*w(i). Let s be k(7). Suppose l - 5*l + 76 = s. Is l a prime number?
True
Suppose -20*g + 27*g = 16891. Is g a prime number?
False
Let k = 0 + 3. Suppose 9 = -k*u, 0*s - 3*s + 2*u = -117. Is s a composite number?
False
Let j = 4 - 1. Suppose 2*l = -2, -5*l - j = -2*q + 6. Is 3 - (q - 0) - -20 a prime number?
False
Let k(i) be the third derivative of -i**5/60 - 3*i**4/8 + 5*i**3/6 + 2*i**2. Is k(-7) a composite number?
False
Suppose -5*s + 1365 = -1060. Is s prime?
False
Suppose -69 = -3*w - 0*w. Suppose 135 = t - w. Suppose y = t - 31. Is y composite?
False
Suppose -2937 = -5*d - 692. Is d prime?
True
Suppose 0 = -x - 355 + 1038. Is x prime?
True
Let d = -283 + 2204. Is d composite?
True
Is -1*(-3 - -4)*-1007 a prime number?
False
Let f be -1 - (-1*2)/(-1). Let r be f/(-2) + 6/4. Suppose 2*a - p - 59 = a, -a - r*p + 59 = 0. Is a a composite number?
False
Let w(x) = x + 1. Let r be w(-6). Let d = -3 - r. Is (d/(-3))/(10/(-1065)) prime?
True
Let v = 25 + -27. Is 1628/28 - v/(-14) prime?
False
Suppose 0*f - 18 = 3*f. Let w(d) = -d - 1. Let g be w(f). Suppose 22 = -g*o + 72. Is o a prime number?
False
Suppose -10 = -2*s - 0*s. Suppose 0 = -j - 1 + s. Is (-3)/((-6)/j) + 13 a composite number?
True
Let j be -1 - (-2 + (-3)/3). Suppose 0*w = j*k - 4*w - 20, 20 = k - 4*w. Suppose 3*a + k*a = 39. Is a composite?
False
Is (0 + 4741/(-2))*(1 - 3) prime?
False
Suppose 0 = m + 4*f - 13, 5*f - 11 = 4. Let g = 1 - m. Suppose g = -3*z - 4*a + 79, -a + 109 = -2*z + 7*z. Is z composite?
True
Let x(m) = -m**3 - 21*m**2 + 14*m + 11. Is x(-22) a prime number?
False
Let d = 6 + 10. Suppose 3*i - d = -4. Suppose i*c - 76 = -0*c. Is c a prime number?
True
Let c(l) = -4 + 4 + l + 5 + 0. Is c(6) composite?
False
Let p be (-1113)/15*(-3 + -2). Suppose 3*q - p = 532. Is q a composite number?
True
Is (12774/(-8))/((-9)/12) a composite number?
False
Let d be (-21)/6*8/(-14). Is 38 - (d + 0 + -1) a prime number?
True
Suppose 2*m + 15 = -3*y, 8*y = 3*y - 25. Suppose -q + m*q = -17. Is q*-2*30/(-12) a composite number?
True
Let i = -2290 - -4443. Is i prime?
True
Let c(h) = -h**3 - 5*h**2 - 7. Let y be c(-5). Let z(x) = -x**3 - 3*x**2 + 7*x + 2. Is z(y) a composite number?
False
Suppose -14 = -3*q + 16. Let w = q - 18. Is 225/12 - 2/w prime?
True
Let q = 5 + -5. Is 25*2/(2 - q) prime?
False
Let f(v) = 29*v**2 + 9*v - 3. Is f(-11) a composite number?
False
Suppose -5*z - 21 = h, 3*h = 5*z + 27 + 10. Let j be (-1)/h - 53/(-4). Let w = j - 2. Is w a prime number?
True
Let w(s) = -s**2 - s. Let j be w(-1). Let h be (-7)/(-1) + (j - 2). Suppose -5*p = 4*v - 387, -h*v = 4*p - 7*p + 247. Is p a composite number?
False
Is 28/8*1*106 a composite number?
True
Suppose -k + 24 = 3*b, 4*b - 3*k - 16 = k. Is b a prime number?
True
Suppose 0 = -5*n - 2 + 12. Suppose -2*f + 3*f = -n*o + 3, 4*f - o = -24. Let s(p) = p + 11. Is s(f) a prime number?
False
Suppose 330 = 2*k + 4*k. Is k a prime number?
False
Let w be ((-6)/(-3) + 20)/(-1). Let g be (-4)/w - (-3063)/33. Suppose -2*n = n - g. Is n a composite number?
False
Is 2*(-3 - (-2714)/4) composite?
True
Suppose -2*o - 5*d + 606 = 0, 5*o - d - 928 = 533. Is o composite?
False
Let j